{"id":65,"date":"2020-04-06T17:17:31","date_gmt":"2020-04-06T15:17:31","guid":{"rendered":"http:\/\/www.woodanddidg.fr\/?page_id=65"},"modified":"2024-12-12T17:24:16","modified_gmt":"2024-12-12T16:24:16","slug":"a-propos","status":"publish","type":"page","link":"https:\/\/www.woodanddidg.fr\/index.php\/a-propos\/","title":{"rendered":"Contact"},"content":{"rendered":"\n<div class=\"wp-block-group is-layout-constrained wp-block-group-is-layout-constrained\"><div class=\"wp-block-group__inner-container\">\n<p class=\"has-black-color has-text-color\">Pour tout projet ou toutes question vous pouvez me contacter sur les r\u00e9seaux sociaux ou via email et t\u00e9l\u00e9phone.<\/p>\n\n\n\n<p class=\"has-black-color has-text-color\">J&rsquo;accueil avec plaisir \u00e0 mon domicile et \u00e0 l&rsquo;atelier sur RDV<\/p>\n\n\n\n<p class=\"has-black-color has-text-color\">For any project or questions you can contact me on social network or via Email and phone .<\/p>\n\n\n\n<p class=\"has-black-color has-text-color\">I welcome you by appointment at home and at the workshop<\/p>\n\n\n\n<p class=\"has-black-color has-text-color\">bpmarchal@live.com<\/p>\n\n\n\n<p class=\"has-black-color has-text-color\">+41783001334<\/p>\n\n\n\n<p class=\"has-black-color has-text-color\">+33689733440<\/p>\n<\/div><\/div>\n\n\n\n<p><\/p>\n","protected":false},"excerpt":{"rendered":"<p>Pour tout projet ou toutes question vous pouvez me contacter sur les r\u00e9seaux sociaux ou via email et t\u00e9l\u00e9phone. J&rsquo;accueil avec plaisir \u00e0 mon domicile et \u00e0 l&rsquo;atelier sur RDV For any project or questions you can contact me on social network or via Email and phone . I welcome you by appointment at home<\/p>\n<div><a class=\"btn-filled btn\" href=\"https:\/\/www.woodanddidg.fr\/index.php\/a-propos\/\" title=\"Contact\">Lire la suite<\/a><\/div>\n","protected":false},"author":1,"featured_media":0,"parent":0,"menu_order":0,"comment_status":"closed","ping_status":"closed","template":"","meta":{"jetpack_post_was_ever_published":false,"footnotes":""},"yoast_head":"<!-- This site is optimized with the Yoast SEO plugin v22.6 - https:\/\/yoast.com\/wordpress\/plugins\/seo\/ -->\n<title>Contact - Wood &amp; Didg<\/title>\n<meta name=\"robots\" content=\"index, follow, max-snippet:-1, max-image-preview:large, max-video-preview:-1\" \/>\n<link rel=\"canonical\" href=\"https:\/\/www.woodanddidg.fr\/index.php\/a-propos\/\" \/>\n<meta property=\"og:locale\" content=\"fr_FR\" \/>\n<meta property=\"og:type\" content=\"article\" \/>\n<meta property=\"og:title\" content=\"Contact - Wood &amp; Didg\" \/>\n<meta property=\"og:description\" content=\"Pour tout projet ou toutes question vous pouvez me contacter sur les r\u00e9seaux sociaux ou via email et t\u00e9l\u00e9phone. J&rsquo;accueil avec plaisir \u00e0 mon domicile et \u00e0 l&rsquo;atelier sur RDV For any project or questions you can contact me on social network or via Email and phone . I welcome you by appointment at homeLire la suite\" \/>\n<meta property=\"og:url\" content=\"https:\/\/www.woodanddidg.fr\/index.php\/a-propos\/\" \/>\n<meta property=\"og:site_name\" content=\"Wood &amp; Didg\" \/>\n<meta property=\"article:modified_time\" content=\"2024-12-12T16:24:16+00:00\" \/>\n<meta name=\"twitter:card\" content=\"summary_large_image\" \/>\n<meta name=\"twitter:label1\" content=\"Dur\u00e9e de lecture estim\u00e9e\" \/>\n\t<meta name=\"twitter:data1\" content=\"1 minute\" \/>\n<script type=\"application\/ld+json\" class=\"yoast-schema-graph\">{\"@context\":\"https:\/\/schema.org\",\"@graph\":[{\"@type\":\"WebPage\",\"@id\":\"https:\/\/www.woodanddidg.fr\/index.php\/a-propos\/\",\"url\":\"https:\/\/www.woodanddidg.fr\/index.php\/a-propos\/\",\"name\":\"Contact - Wood &amp; Didg\",\"isPartOf\":{\"@id\":\"https:\/\/www.woodanddidg.fr\/#website\"},\"datePublished\":\"2020-04-06T15:17:31+00:00\",\"dateModified\":\"2024-12-12T16:24:16+00:00\",\"breadcrumb\":{\"@id\":\"https:\/\/www.woodanddidg.fr\/index.php\/a-propos\/#breadcrumb\"},\"inLanguage\":\"fr-FR\",\"potentialAction\":[{\"@type\":\"ReadAction\",\"target\":[\"https:\/\/www.woodanddidg.fr\/index.php\/a-propos\/\"]}]},{\"@type\":\"BreadcrumbList\",\"@id\":\"https:\/\/www.woodanddidg.fr\/index.php\/a-propos\/#breadcrumb\",\"itemListElement\":[{\"@type\":\"ListItem\",\"position\":1,\"name\":\"Accueil\",\"item\":\"https:\/\/www.woodanddidg.fr\/\"},{\"@type\":\"ListItem\",\"position\":2,\"name\":\"Contact\"}]},{\"@type\":\"WebSite\",\"@id\":\"https:\/\/www.woodanddidg.fr\/#website\",\"url\":\"https:\/\/www.woodanddidg.fr\/\",\"name\":\"Wood &amp; Didg\",\"description\":\"cr\u00e9ation de didgeridoo\",\"publisher\":{\"@id\":\"https:\/\/www.woodanddidg.fr\/#organization\"},\"potentialAction\":[{\"@type\":\"SearchAction\",\"target\":{\"@type\":\"EntryPoint\",\"urlTemplate\":\"https:\/\/www.woodanddidg.fr\/?s={search_term_string}\"},\"query-input\":\"required name=search_term_string\"}],\"inLanguage\":\"fr-FR\"},{\"@type\":\"Organization\",\"@id\":\"https:\/\/www.woodanddidg.fr\/#organization\",\"name\":\"Wood &amp; Didg\",\"url\":\"https:\/\/www.woodanddidg.fr\/\",\"logo\":{\"@type\":\"ImageObject\",\"inLanguage\":\"fr-FR\",\"@id\":\"https:\/\/www.woodanddidg.fr\/#\/schema\/logo\/image\/\",\"url\":\"https:\/\/www.woodanddidg.fr\/wp-content\/uploads\/2018\/08\/cropped-Logo-pixellis\u00e9-1.png\",\"contentUrl\":\"https:\/\/www.woodanddidg.fr\/wp-content\/uploads\/2018\/08\/cropped-Logo-pixellis\u00e9-1.png\",\"width\":785,\"height\":438,\"caption\":\"Wood &amp; Didg\"},\"image\":{\"@id\":\"https:\/\/www.woodanddidg.fr\/#\/schema\/logo\/image\/\"}}]}<\/script>\n<!-- \/ Yoast SEO plugin. -->","yoast_head_json":{"title":"Contact - Wood &amp; Didg","robots":{"index":"index","follow":"follow","max-snippet":"max-snippet:-1","max-image-preview":"max-image-preview:large","max-video-preview":"max-video-preview:-1"},"canonical":"https:\/\/www.woodanddidg.fr\/index.php\/a-propos\/","og_locale":"fr_FR","og_type":"article","og_title":"Contact - Wood &amp; Didg","og_description":"Pour tout projet ou toutes question vous pouvez me contacter sur les r\u00e9seaux sociaux ou via email et t\u00e9l\u00e9phone. J&rsquo;accueil avec plaisir \u00e0 mon domicile et \u00e0 l&rsquo;atelier sur RDV For any project or questions you can contact me on social network or via Email and phone . I welcome you by appointment at homeLire la suite","og_url":"https:\/\/www.woodanddidg.fr\/index.php\/a-propos\/","og_site_name":"Wood &amp; Didg","article_modified_time":"2024-12-12T16:24:16+00:00","twitter_card":"summary_large_image","twitter_misc":{"Dur\u00e9e de lecture estim\u00e9e":"1 minute"},"schema":{"@context":"https:\/\/schema.org","@graph":[{"@type":"WebPage","@id":"https:\/\/www.woodanddidg.fr\/index.php\/a-propos\/","url":"https:\/\/www.woodanddidg.fr\/index.php\/a-propos\/","name":"Contact - Wood &amp; Didg","isPartOf":{"@id":"https:\/\/www.woodanddidg.fr\/#website"},"datePublished":"2020-04-06T15:17:31+00:00","dateModified":"2024-12-12T16:24:16+00:00","breadcrumb":{"@id":"https:\/\/www.woodanddidg.fr\/index.php\/a-propos\/#breadcrumb"},"inLanguage":"fr-FR","potentialAction":[{"@type":"ReadAction","target":["https:\/\/www.woodanddidg.fr\/index.php\/a-propos\/"]}]},{"@type":"BreadcrumbList","@id":"https:\/\/www.woodanddidg.fr\/index.php\/a-propos\/#breadcrumb","itemListElement":[{"@type":"ListItem","position":1,"name":"Accueil","item":"https:\/\/www.woodanddidg.fr\/"},{"@type":"ListItem","position":2,"name":"Contact"}]},{"@type":"WebSite","@id":"https:\/\/www.woodanddidg.fr\/#website","url":"https:\/\/www.woodanddidg.fr\/","name":"Wood &amp; Didg","description":"cr\u00e9ation de didgeridoo","publisher":{"@id":"https:\/\/www.woodanddidg.fr\/#organization"},"potentialAction":[{"@type":"SearchAction","target":{"@type":"EntryPoint","urlTemplate":"https:\/\/www.woodanddidg.fr\/?s={search_term_string}"},"query-input":"required name=search_term_string"}],"inLanguage":"fr-FR"},{"@type":"Organization","@id":"https:\/\/www.woodanddidg.fr\/#organization","name":"Wood &amp; Didg","url":"https:\/\/www.woodanddidg.fr\/","logo":{"@type":"ImageObject","inLanguage":"fr-FR","@id":"https:\/\/www.woodanddidg.fr\/#\/schema\/logo\/image\/","url":"https:\/\/www.woodanddidg.fr\/wp-content\/uploads\/2018\/08\/cropped-Logo-pixellis\u00e9-1.png","contentUrl":"https:\/\/www.woodanddidg.fr\/wp-content\/uploads\/2018\/08\/cropped-Logo-pixellis\u00e9-1.png","width":785,"height":438,"caption":"Wood &amp; Didg"},"image":{"@id":"https:\/\/www.woodanddidg.fr\/#\/schema\/logo\/image\/"}}]}},"jetpack_sharing_enabled":true,"jetpack_shortlink":"https:\/\/wp.me\/P9Z4Jl-13","_links":{"self":[{"href":"https:\/\/www.woodanddidg.fr\/index.php\/wp-json\/wp\/v2\/pages\/65"}],"collection":[{"href":"https:\/\/www.woodanddidg.fr\/index.php\/wp-json\/wp\/v2\/pages"}],"about":[{"href":"https:\/\/www.woodanddidg.fr\/index.php\/wp-json\/wp\/v2\/types\/page"}],"author":[{"embeddable":true,"href":"https:\/\/www.woodanddidg.fr\/index.php\/wp-json\/wp\/v2\/users\/1"}],"replies":[{"embeddable":true,"href":"https:\/\/www.woodanddidg.fr\/index.php\/wp-json\/wp\/v2\/comments?post=65"}],"version-history":[{"count":4,"href":"https:\/\/www.woodanddidg.fr\/index.php\/wp-json\/wp\/v2\/pages\/65\/revisions"}],"predecessor-version":[{"id":740,"href":"https:\/\/www.woodanddidg.fr\/index.php\/wp-json\/wp\/v2\/pages\/65\/revisions\/740"}],"wp:attachment":[{"href":"https:\/\/www.woodanddidg.fr\/index.php\/wp-json\/wp\/v2\/media?parent=65"}],"curies":[{"name":"wp","href":"https:\/\/api.w.org\/{rel}","templated":true}]}}